ivisor of 24 and j?
12
Suppose 4*s = -2*j + 172, 4*s - 6*j = -j + 144. Calculate the highest common factor of 287 and s.
41
Let v = -10 + 23. What is the greatest common factor of 52 and v?
13
Let r = 1 + 3. Suppose 2*b - 38 = -3*z, -5*z - r*b = -84 + 18. What is the highest common divisor of 25 and z?
5
Let m = -5 + 5. Let o be (m - 0) + 0 + 3. What is the highest common divisor of o and 24?
3
Let o = -26 - -13. Let d(l) = -3*l - 19. Let g be d(o). What is the highest common factor of g and 10?
10
Suppose 2*p = -0 + 2. Suppose 0 = -5*o - g + 22, -2*o + 22 = -0*g - 4*g. What is the highest common factor of p and o?
1
Let h be 2/1*(6 + -4). Calculate the highest common factor of 14 and h.
2
Let g be -3 - (4 - 0 - 28). What is the greatest common divisor of g and 231?
21
Let n(m) be the second derivative of -m**5/20 - m**4/3 - 5*m**3/6 - m**2 - m. Let p be n(-3). Let l = 52 + -20. Calculate the highest common divisor of l and p.
4
Let i = 68 - 61. Calculate the highest common divisor of i and 7.
7
Let u be (32/6)/((-2)/(-6)). Let v = 5 - 2. Suppose -p + 8 + 5 = -3*y, v*p + 5*y = 53. What is the greatest common divisor of u and p?
16
Let d = -23 - -98. What is the highest common divisor of d and 15?
15
Let j = -10 - -650. Suppose -3*w = 2*w - j. Calculate the highest common factor of 16 and w.
16
Suppose 15 = -3*s - 2*x, -s + x + 4*x - 5 = 0. Let i be 2/(-5) - 632/s. Suppose 6*h - 14 = 5*h. What is the greatest common factor of h and i?
14
Suppose -q - 2*p = 1 + 24, -4*q = 3*p + 75. Let n = -2 - q. What is the greatest common divisor of n and 117?
13
Suppose -5*b - 5*t = -65, b - 2*t - 27 = -5. What is the highest common divisor of 40 and b?
8
Suppose -6*v - 274 = -4*v. Let y = -97 - v. What is the greatest common divisor of 10 and y?
10
Let o = 126 + -78. Suppose 0 = 5*l - o - 42. What is the greatest common divisor of l and 6?
6
Suppose -5*d - 623 - 72 = 0. Let s = 275 + d. Calculate the highest common divisor of s and 17.
17
Let r = 18 + -10. Let a be ((-30)/r)/(2/(-32)). Let y = -4 - -19. Calculate the greatest common divisor of a and y.
15
Suppose 77 = 3*n - 4. Calculate the highest common factor of 189 and n.
27
Let i(d) = -d**3 - 9*d**2 + 1. Let h be i(-9). Let t = 2 + 0. Suppose -4*q = -t - 26. Calculate the greatest common divisor of q and h.
1
Let h be 0/(-2 - -1 - -3). Suppose -3*i = -z - 845 + 232, h = 4*i - 3*z - 819. What is the highest common factor of 34 and i?
34
Let b = -29 - -50. Calculate the greatest common factor of b and 42.
21
Let w(f) = 2*f + 6. Let l be w(-6). Let s = l - -11. What is the highest common divisor of 55 and s?
5
Let t(p) = 19*p**2 + 2*p + 7. Let i be t(4). Calculate the greatest common divisor of i and 29.
29
Let y(l) = -2*l**3 - l**2 - 7*l - 3. Let k be y(-5). Let r be 4/(-16) + k/4. Calculate the greatest common factor of r and 8.
8
Let l = -17 + 11. Let z(a) = 3*a**2 + 2*a + 3. Let c be z(l). What is the highest common divisor of 9 and c?
9
Let q = 6 + 12. Suppose -f - q = -41. Calculate the highest common divisor of f and 23.
23
Let d(a) = 5*a**2 + 3*a - 8. Let l be d(-3). Calculate the highest common factor of l and 56.
28
Let i be -7*(-6)/(24/44). Let f(c) = c**2 - 5*c - 2. Let b be f(-3). Let u = b + -11. Calculate the greatest common factor of i and u.
11
Let q be (1 + 1)*(-33)/22. Let m be (0 + (-3)/9)*q. Calculate the greatest common factor of 2 and m.
1
Let v = -16 - -52. Suppose l + 0 - 1 = -z, 15 = 3*l - z. What is the highest common factor of v and l?
4
Let h be 402/24 + 1/4. Calculate the highest common factor of 51 and h.
17
Let o = -16 + 22. Calculate the greatest common divisor of o and 54.
6
Let m(a) = a - 2*a - 7 - 1. Let v be m(-5). Let k be 46 + (v + 2)*1. What is the highest common factor of k and 5?
5
Let z = 86 + -54. Let k be (10/(-1))/((-1)/(-2)). Let c be (48/k)/(3/(-10)). Calculate the greatest common divisor of z and c.
8
Let k be (16/(-6))/((-8)/72). What is the greatest common factor of k and 36?
12
Let x be 2/4 - (-29)/2. Let m = 97 - -27. Suppose -4*q - m + 364 = 0. Calculate the greatest common divisor of q and x.
15
Let q(a) = -43*a + 7. Let m be q(-3). Suppose -3*p + 3*k = -93, -5*p = 5*k + 31 - m. Let s = 93 - 28. What is the greatest common factor of p and s?
13
Let t(n) = -4*n + 1. Let o be t(-2). Let p = o - 0. What is the highest common divisor of 18 and p?
9
Suppose 22 = -4*l + 3*l. Let w be l/(-4) - (-2)/4. Let a be (4/w)/((-14)/(-21)). What is the highest common factor of a and 3?
1
Let o be 21 + ((-7)/14)/(1/(-4)). What is the highest common factor of 207 and o?
23
Suppose j = -3*p + 16, -3 = -3*p + 2*p. Let v = -7 + 14. Calculate the highest common factor of v and j.
7
Let g = -191 - -290. Calculate the highest common factor of g and 11.
11
Let v(f) = -5*f - 1. Let q be v(-4). Calculate the highest common divisor of q and 152.
19
Let k be 1 + 6/((-12)/(-10)). What is the highest common divisor of 15 and k?
3
Suppose x + 10 = 2*s, 2*x - 2 + 1 = -3*s. Calculate the highest common factor of 4 and s.
1
Suppose 0*h + 32 = h - 4*u, 2*u + 6 = 0. What is the highest common factor of 50 and h?
10
Suppose 2*f = 3*f, -4*f = 2*n - 2. What is the highest common divisor of 4 and n?
1
Suppose n - 4*n + 672 = 0. Suppose 2*x - n = -2*x. Let d = x + -29. Calculate the greatest common factor of d and 3.
3
Let p(f) = -11*f. Let c be p(-2). Suppose 0 = -8*i + 1286 - 54. What is the greatest common factor of c and i?
22
Let y be (-10)/(-7)*(3 - -4). Let o be (-4)/y + (-152)/(-5). Calculate the highest common divisor of 15 and o.
15
Let h(g) = g**3 - 3*g**2 - 2*g - 3. Let i be h(4). What is the greatest common factor of 2 and i?
1
Let y be -2 - 1 - (-5 + 1). Let r(b) = 19*b**3 + 2*b**2 - 2*b + 1. Let n be r(y). What is the highest common factor of n and 50?
10
Suppose 0 = -3*r - r + 8. Suppose 44 = r*g + 2*g. Calculate the greatest common factor of g and 33.
11
Suppose -3 = s - 8. Suppose -3*g = -2*n - s, -2 + 12 = -n + 4*g. Let h be -2*(-42 + n)*1. Calculate the greatest common factor of h and 10.
10
Let y = -10 + 18. What is the highest common divisor of 4 and y?
4
Let n(l) = l**3 - 9*l**2 + 2*l - 9. Let m be n(9). Let o(y) = y**3 + 4*y**2 - 4*y + 3. Let j be o(3). Calculate the highest common factor of m and j.
9
Suppose -4*d + p + p = -264, 0 = -5*d - 5*p + 360. What is the greatest common factor of 17 and d?
17
Let l(z) = -z**3 - 12*z**2 - 13*z - 10. Let d be l(-11). What is the highest common divisor of 36 and d?
12
Suppose 2*o - 19 = 3*m, 3*m - m = -5*o. Suppose 3 = -o*a + 7. Suppose -k - 3 = -a*k. What is the highest common divisor of k and 21?
3
Let v(i) be the second derivative of -29*i**3/6 + i**2/2 - 8*i. Let g be v(-1). What is the highest common divisor of 12 and g?
6
Suppose -2*g + 8 = 2. Let p be ((-8)/(-3))/((-1)/g). Let u be (-58)/p + 12/16. What is the greatest common factor of u and 32?
8
Suppose 4*b + 16 = -24. Let p be (12/b)/((-18)/60). Suppose 3*g = -2*g + 100. What is the greatest common factor of g and p?
4
Let m(d) = d**3 + 7*d**2 + 5*d + 6. Let s be m(-5). Suppose -4*k + 53 = -s. Suppose -56 = -8*r + 4*r. What is the highest common factor of k and r?
7
Let m(a) = a**2 + 6*a + 5. Let j be m(-5). Suppose j = -5*c + c. Suppose c*k - 5*k = -225. What is the greatest common divisor of k and 15?
15
Let h(y) = 10*y - 4. Let i be h(8). Let u be 5/(10/4)*i. What is the greatest common divisor of u and 19?
19
Let t = 48 - 45. Calculate the highest common divisor of 33 and t.
3
Let j(n) = n + 10. Let z be j(-7). Suppose z*h + 66 = 4*h. Let f = -94 + 138. What is the highest common divisor of h and f?
22
Let d = -323 - -523. What is the greatest common factor of 50 and d?
50
Let u(b) = -3*b + 14. Let d be u(4). Calculate the highest common factor of d and 14.
2
Let f(i) = -5*i - 11. Let a be f(-9). Calculate the highest common divisor of a and 238.
34
Let c = 68 - 38. What is the highest common divisor of 6 and c?
6
Let b be (-7)/(-2)*(-1 + -1). Let q = 22 + b. Let d be (3/2)/(2/140). What is the highest common factor of d and q?
15
Let d(a) = -a**3 - 10*a**2 - 3*a - 3. Let o(m) = -m**3 - 6*m**2 - 6*m - 2. Let k be o(-4). Let p be d(k). Calculate the greatest common factor of 9 and p.
9
Let g = -75 + 85. What is the highest common factor of g and 80?
10
Suppose -